{"id":674,"date":"2024-02-13T00:22:40","date_gmt":"2024-02-13T05:22:40","guid":{"rendered":"http:\/\/129.158.241.237\/theme\/historias\/?page_id=674"},"modified":"2024-02-13T10:35:35","modified_gmt":"2024-02-13T15:35:35","slug":"confianza","status":"publish","type":"page","link":"https:\/\/www.segurossura.com.do\/historias\/index.php\/confianza\/","title":{"rendered":"Confianza"},"content":{"rendered":"<div class=\"pt-cv-wrapper\"><div class=\"pt-cv-view pt-cv-grid pt-cv-colsys\" id=\"pt-cv-view-ba79824tcx\"><div data-id=\"pt-cv-page-1\" class=\"pt-cv-page\" data-cvc=\"2\"><div class=\"col-md-6 col-sm-6 col-xs-12 pt-cv-content-item pt-cv-1-col\" ><div class='pt-cv-ifield'><a href=\"https:\/\/www.segurossura.com.do\/historias\/index.php\/seguros-sura-una-de-las-mejores-empresas-para-trabajar-en-la-republica-dominicana-y-el-caribe\/\" class=\"_self pt-cv-href-thumbnail pt-cv-thumb-default\" target=\"_self\" ><img loading=\"lazy\" decoding=\"async\" width=\"1170\" height=\"392\" src=\"https:\/\/www.segurossura.com.do\/historias\/wp-content\/uploads\/2024\/02\/gptw.jpg\" class=\"pt-cv-thumbnail\" alt=\"gptw\" srcset=\"https:\/\/www.segurossura.com.do\/historias\/wp-content\/uploads\/2024\/02\/gptw.jpg 1170w, https:\/\/www.segurossura.com.do\/historias\/wp-content\/uploads\/2024\/02\/gptw-300x100.jpg 300w, https:\/\/www.segurossura.com.do\/historias\/wp-content\/uploads\/2024\/02\/gptw-1024x343.jpg 1024w, https:\/\/www.segurossura.com.do\/historias\/wp-content\/uploads\/2024\/02\/gptw-768x257.jpg 768w\" sizes=\"(max-width: 1170px) 100vw, 1170px\" \/><\/a>\n<h3 class=\"pt-cv-title\"><a href=\"https:\/\/www.segurossura.com.do\/historias\/index.php\/seguros-sura-una-de-las-mejores-empresas-para-trabajar-en-la-republica-dominicana-y-el-caribe\/\" class=\"_self\" target=\"_self\" >Seguros SURA: una de las mejores empresas para trabajar en la Rep\u00fablica Dominicana y el Caribe<\/a><\/h3>\n<div class=\"pt-cv-content\">\u201cEn los 6 a\u00f1os que tengo laborando en Seguros SURA ha sido toda una ...<br \/><div class=\"pt-cv-rmwrap\"><a href=\"https:\/\/www.segurossura.com.do\/historias\/index.php\/seguros-sura-una-de-las-mejores-empresas-para-trabajar-en-la-republica-dominicana-y-el-caribe\/\" class=\"_self pt-cv-readmore btn btn-success\" target=\"_self\">Leer M\u00e1s<\/a><\/div><\/div><\/div><\/div>\n<div class=\"col-md-6 col-sm-6 col-xs-12 pt-cv-content-item pt-cv-1-col\" ><div class='pt-cv-ifield'><a href=\"https:\/\/www.segurossura.com.do\/historias\/index.php\/cultura-de-la-gestion-del-riesgo-impacto-en-la-sostenibilidad-y-crecimiento-empresarial\/\" class=\"_self pt-cv-href-thumbnail pt-cv-thumb-default\" target=\"_self\" ><img loading=\"lazy\" decoding=\"async\" width=\"1170\" height=\"453\" src=\"https:\/\/www.segurossura.com.do\/historias\/wp-content\/uploads\/2024\/02\/cultura-gestion-riesgos.jpg\" class=\"pt-cv-thumbnail\" alt=\"cultura-gestion-riesgos\" srcset=\"https:\/\/www.segurossura.com.do\/historias\/wp-content\/uploads\/2024\/02\/cultura-gestion-riesgos.jpg 1170w, https:\/\/www.segurossura.com.do\/historias\/wp-content\/uploads\/2024\/02\/cultura-gestion-riesgos-300x116.jpg 300w, https:\/\/www.segurossura.com.do\/historias\/wp-content\/uploads\/2024\/02\/cultura-gestion-riesgos-1024x396.jpg 1024w, https:\/\/www.segurossura.com.do\/historias\/wp-content\/uploads\/2024\/02\/cultura-gestion-riesgos-768x297.jpg 768w\" sizes=\"(max-width: 1170px) 100vw, 1170px\" \/><\/a>\n<h3 class=\"pt-cv-title\"><a href=\"https:\/\/www.segurossura.com.do\/historias\/index.php\/cultura-de-la-gestion-del-riesgo-impacto-en-la-sostenibilidad-y-crecimiento-empresarial\/\" class=\"_self\" target=\"_self\" >Cultura de la gesti\u00f3n del riesgo, impacto en la sostenibilidad y crecimiento empresarial<\/a><\/h3>\n<div class=\"pt-cv-content\">La gesti\u00f3n de riesgos es un proceso din\u00e1mico e interactivo, aplicado a trav\u00e9s de ...<br \/><div class=\"pt-cv-rmwrap\"><a href=\"https:\/\/www.segurossura.com.do\/historias\/index.php\/cultura-de-la-gestion-del-riesgo-impacto-en-la-sostenibilidad-y-crecimiento-empresarial\/\" class=\"_self pt-cv-readmore btn btn-success\" target=\"_self\">Leer M\u00e1s<\/a><\/div><\/div><\/div><\/div>\n<div class=\"col-md-6 col-sm-6 col-xs-12 pt-cv-content-item pt-cv-1-col\" ><div class='pt-cv-ifield'><a href=\"https:\/\/www.segurossura.com.do\/historias\/index.php\/gestion-de-tendencias-y-riesgos-una-forma-innovadora-de-administrar\/\" class=\"_self pt-cv-href-thumbnail pt-cv-thumb-default\" target=\"_self\" ><img loading=\"lazy\" decoding=\"async\" width=\"1070\" height=\"400\" src=\"https:\/\/www.segurossura.com.do\/historias\/wp-content\/uploads\/2024\/02\/Slider-HS-10.jpg\" class=\"pt-cv-thumbnail\" alt=\"Family life insurance, protecting family, family concepts.\" srcset=\"https:\/\/www.segurossura.com.do\/historias\/wp-content\/uploads\/2024\/02\/Slider-HS-10.jpg 1070w, https:\/\/www.segurossura.com.do\/historias\/wp-content\/uploads\/2024\/02\/Slider-HS-10-300x112.jpg 300w, https:\/\/www.segurossura.com.do\/historias\/wp-content\/uploads\/2024\/02\/Slider-HS-10-1024x383.jpg 1024w, https:\/\/www.segurossura.com.do\/historias\/wp-content\/uploads\/2024\/02\/Slider-HS-10-768x287.jpg 768w\" sizes=\"(max-width: 1070px) 100vw, 1070px\" \/><\/a>\n<h3 class=\"pt-cv-title\"><a href=\"https:\/\/www.segurossura.com.do\/historias\/index.php\/gestion-de-tendencias-y-riesgos-una-forma-innovadora-de-administrar\/\" class=\"_self\" target=\"_self\" >Gesti\u00f3n de tendencias y riesgos, una forma innovadora de administrar<\/a><\/h3>\n<div class=\"pt-cv-content\">La empresa Seguros SURA siempre ha mantenido un paso adelante en el mercado asegurador, ...<br \/><div class=\"pt-cv-rmwrap\"><a href=\"https:\/\/www.segurossura.com.do\/historias\/index.php\/gestion-de-tendencias-y-riesgos-una-forma-innovadora-de-administrar\/\" class=\"_self pt-cv-readmore btn btn-success\" target=\"_self\">Leer M\u00e1s<\/a><\/div><\/div><\/div><\/div>\n<div class=\"col-md-6 col-sm-6 col-xs-12 pt-cv-content-item pt-cv-1-col\" ><div class='pt-cv-ifield'><a href=\"https:\/\/www.segurossura.com.do\/historias\/index.php\/junior-y-leandro-cuentan-su-experiencia-en-colombia\/\" class=\"_self pt-cv-href-thumbnail pt-cv-thumb-default\" target=\"_self\" ><img loading=\"lazy\" decoding=\"async\" width=\"585\" height=\"390\" src=\"https:\/\/www.segurossura.com.do\/historias\/wp-content\/uploads\/2024\/02\/junior-leandro-experiencia-colombia-sura-585x390-1.jpg\" class=\"pt-cv-thumbnail\" alt=\"junior-leandro-experiencia-colombia-sura-585x390\" srcset=\"https:\/\/www.segurossura.com.do\/historias\/wp-content\/uploads\/2024\/02\/junior-leandro-experiencia-colombia-sura-585x390-1.jpg 585w, https:\/\/www.segurossura.com.do\/historias\/wp-content\/uploads\/2024\/02\/junior-leandro-experiencia-colombia-sura-585x390-1-300x200.jpg 300w\" sizes=\"(max-width: 585px) 100vw, 585px\" \/><\/a>\n<h3 class=\"pt-cv-title\"><a href=\"https:\/\/www.segurossura.com.do\/historias\/index.php\/junior-y-leandro-cuentan-su-experiencia-en-colombia\/\" class=\"_self\" target=\"_self\" >Junior y Leandro cuentan su experiencia en Colombia<\/a><\/h3>\n<div class=\"pt-cv-content\">Junior Quiroz describi\u00f3 la pasant\u00eda en Colombia como una experiencia maravillosa. \u201cYo no se ...<br \/><div class=\"pt-cv-rmwrap\"><a href=\"https:\/\/www.segurossura.com.do\/historias\/index.php\/junior-y-leandro-cuentan-su-experiencia-en-colombia\/\" class=\"_self pt-cv-readmore btn btn-success\" target=\"_self\">Leer M\u00e1s<\/a><\/div><\/div><\/div><\/div>\n<div class=\"col-md-6 col-sm-6 col-xs-12 pt-cv-content-item pt-cv-1-col\" ><div class='pt-cv-ifield'><a href=\"https:\/\/www.segurossura.com.do\/historias\/index.php\/responsabilidad-corporativa-un-trabajo-de-todos\/\" class=\"_self pt-cv-href-thumbnail pt-cv-thumb-default\" target=\"_self\" ><img loading=\"lazy\" decoding=\"async\" width=\"868\" height=\"535\" src=\"https:\/\/www.segurossura.com.do\/historias\/wp-content\/uploads\/2024\/02\/responsabilidad_coportariva.png\" class=\"pt-cv-thumbnail\" alt=\"responsabilidad_coportariva\" srcset=\"https:\/\/www.segurossura.com.do\/historias\/wp-content\/uploads\/2024\/02\/responsabilidad_coportariva.png 868w, https:\/\/www.segurossura.com.do\/historias\/wp-content\/uploads\/2024\/02\/responsabilidad_coportariva-300x185.png 300w, https:\/\/www.segurossura.com.do\/historias\/wp-content\/uploads\/2024\/02\/responsabilidad_coportariva-768x473.png 768w\" sizes=\"(max-width: 868px) 100vw, 868px\" \/><\/a>\n<h3 class=\"pt-cv-title\"><a href=\"https:\/\/www.segurossura.com.do\/historias\/index.php\/responsabilidad-corporativa-un-trabajo-de-todos\/\" class=\"_self\" target=\"_self\" >Responsabilidad corporativa, <strong>un trabajo de todos<\/strong><\/a><\/h3>\n<div class=\"pt-cv-content\">Cuando se piensa en responsabilidad social corporativa com\u00fanmente se relaciona con labores altruistas que ...<br \/><div class=\"pt-cv-rmwrap\"><a href=\"https:\/\/www.segurossura.com.do\/historias\/index.php\/responsabilidad-corporativa-un-trabajo-de-todos\/\" class=\"_self pt-cv-readmore btn btn-success\" target=\"_self\">Leer M\u00e1s<\/a><\/div><\/div><\/div><\/div>\n<div class=\"col-md-6 col-sm-6 col-xs-12 pt-cv-content-item pt-cv-1-col\" ><div class='pt-cv-ifield'><a href=\"https:\/\/www.segurossura.com.do\/historias\/index.php\/el-indice-que-mide-las-buenas-practicas-en-sostenibilidad\/\" class=\"_self pt-cv-href-thumbnail pt-cv-thumb-default\" target=\"_self\" ><img loading=\"lazy\" decoding=\"async\" width=\"930\" height=\"278\" src=\"https:\/\/www.segurossura.com.do\/historias\/wp-content\/uploads\/2024\/02\/dow-jones.png\" class=\"pt-cv-thumbnail\" alt=\"dow-jones\" srcset=\"https:\/\/www.segurossura.com.do\/historias\/wp-content\/uploads\/2024\/02\/dow-jones.png 930w, https:\/\/www.segurossura.com.do\/historias\/wp-content\/uploads\/2024\/02\/dow-jones-300x90.png 300w, https:\/\/www.segurossura.com.do\/historias\/wp-content\/uploads\/2024\/02\/dow-jones-768x230.png 768w\" sizes=\"(max-width: 930px) 100vw, 930px\" \/><\/a>\n<h3 class=\"pt-cv-title\"><a href=\"https:\/\/www.segurossura.com.do\/historias\/index.php\/el-indice-que-mide-las-buenas-practicas-en-sostenibilidad\/\" class=\"_self\" target=\"_self\" >El \u00edndice que mide las buenas pr\u00e1cticas en sostenibilidad<\/a><\/h3>\n<div class=\"pt-cv-content\">En este mundo cada vez m\u00e1s globalizado, en el que el impacto socioambiental de ...<br \/><div class=\"pt-cv-rmwrap\"><a href=\"https:\/\/www.segurossura.com.do\/historias\/index.php\/el-indice-que-mide-las-buenas-practicas-en-sostenibilidad\/\" class=\"_self pt-cv-readmore btn btn-success\" target=\"_self\">Leer M\u00e1s<\/a><\/div><\/div><\/div><\/div>\n<div class=\"col-md-6 col-sm-6 col-xs-12 pt-cv-content-item pt-cv-1-col\" ><div class='pt-cv-ifield'><a href=\"https:\/\/www.segurossura.com.do\/historias\/index.php\/suramericana-siente-el-arte-vive-la-cultura\/\" class=\"_self pt-cv-href-thumbnail pt-cv-thumb-default\" target=\"_self\" ><img loading=\"lazy\" decoding=\"async\" width=\"1070\" height=\"400\" src=\"https:\/\/www.segurossura.com.do\/historias\/wp-content\/uploads\/2024\/02\/Slider-HS-08.jpg\" class=\"pt-cv-thumbnail\" alt=\"Slider-HS-08\" srcset=\"https:\/\/www.segurossura.com.do\/historias\/wp-content\/uploads\/2024\/02\/Slider-HS-08.jpg 1070w, https:\/\/www.segurossura.com.do\/historias\/wp-content\/uploads\/2024\/02\/Slider-HS-08-300x112.jpg 300w, https:\/\/www.segurossura.com.do\/historias\/wp-content\/uploads\/2024\/02\/Slider-HS-08-1024x383.jpg 1024w, https:\/\/www.segurossura.com.do\/historias\/wp-content\/uploads\/2024\/02\/Slider-HS-08-768x287.jpg 768w\" sizes=\"(max-width: 1070px) 100vw, 1070px\" \/><\/a>\n<h3 class=\"pt-cv-title\"><a href=\"https:\/\/www.segurossura.com.do\/historias\/index.php\/suramericana-siente-el-arte-vive-la-cultura\/\" class=\"_self\" target=\"_self\" >Suramericana siente el arte, vive la cultura<\/a><\/h3>\n<div class=\"pt-cv-content\">El desarrollo integral de los individuos y las comunidades, es parte esencial del prop\u00f3sito ...<br \/><div class=\"pt-cv-rmwrap\"><a href=\"https:\/\/www.segurossura.com.do\/historias\/index.php\/suramericana-siente-el-arte-vive-la-cultura\/\" class=\"_self pt-cv-readmore btn btn-success\" target=\"_self\">Leer M\u00e1s<\/a><\/div><\/div><\/div><\/div>\n<div class=\"col-md-6 col-sm-6 col-xs-12 pt-cv-content-item pt-cv-1-col\" ><div class='pt-cv-ifield'><a href=\"https:\/\/www.segurossura.com.do\/historias\/index.php\/seguros-sura-republica-dominicana-fortalece-las-relaciones-con-sus-clientes\/\" class=\"_self pt-cv-href-thumbnail pt-cv-thumb-default\" target=\"_self\" ><img loading=\"lazy\" decoding=\"async\" width=\"1070\" height=\"400\" src=\"https:\/\/www.segurossura.com.do\/historias\/wp-content\/uploads\/2024\/02\/Slider-HS-03.jpg\" class=\"pt-cv-thumbnail\" alt=\"stairs going upward\" srcset=\"https:\/\/www.segurossura.com.do\/historias\/wp-content\/uploads\/2024\/02\/Slider-HS-03.jpg 1070w, https:\/\/www.segurossura.com.do\/historias\/wp-content\/uploads\/2024\/02\/Slider-HS-03-300x112.jpg 300w, https:\/\/www.segurossura.com.do\/historias\/wp-content\/uploads\/2024\/02\/Slider-HS-03-1024x383.jpg 1024w, https:\/\/www.segurossura.com.do\/historias\/wp-content\/uploads\/2024\/02\/Slider-HS-03-768x287.jpg 768w\" sizes=\"(max-width: 1070px) 100vw, 1070px\" \/><\/a>\n<h3 class=\"pt-cv-title\"><a href=\"https:\/\/www.segurossura.com.do\/historias\/index.php\/seguros-sura-republica-dominicana-fortalece-las-relaciones-con-sus-clientes\/\" class=\"_self\" target=\"_self\" >Seguros SURA Rep\u00fablica Dominicana fortalece las relaciones con sus clientes<\/a><\/h3>\n<div class=\"pt-cv-content\">El programa\u00a0Asesor Empresario SURA\u00a0aporta elementos de cara al fortalecimiento de la gesti\u00f3n de sus ...<br \/><div class=\"pt-cv-rmwrap\"><a href=\"https:\/\/www.segurossura.com.do\/historias\/index.php\/seguros-sura-republica-dominicana-fortalece-las-relaciones-con-sus-clientes\/\" class=\"_self pt-cv-readmore btn btn-success\" target=\"_self\">Leer M\u00e1s<\/a><\/div><\/div><\/div><\/div>\n<div class=\"col-md-6 col-sm-6 col-xs-12 pt-cv-content-item pt-cv-1-col\" ><div class='pt-cv-ifield'><a href=\"https:\/\/www.segurossura.com.do\/historias\/index.php\/servicio-personalizado-clave-del-exito\/\" class=\"_self pt-cv-href-thumbnail pt-cv-thumb-default\" target=\"_self\" ><img loading=\"lazy\" decoding=\"async\" width=\"1070\" height=\"400\" src=\"https:\/\/www.segurossura.com.do\/historias\/wp-content\/uploads\/2024\/02\/Slider-HS-09.jpg\" class=\"pt-cv-thumbnail\" alt=\"Slider-HS-09\" srcset=\"https:\/\/www.segurossura.com.do\/historias\/wp-content\/uploads\/2024\/02\/Slider-HS-09.jpg 1070w, https:\/\/www.segurossura.com.do\/historias\/wp-content\/uploads\/2024\/02\/Slider-HS-09-300x112.jpg 300w, https:\/\/www.segurossura.com.do\/historias\/wp-content\/uploads\/2024\/02\/Slider-HS-09-1024x383.jpg 1024w, https:\/\/www.segurossura.com.do\/historias\/wp-content\/uploads\/2024\/02\/Slider-HS-09-768x287.jpg 768w\" sizes=\"(max-width: 1070px) 100vw, 1070px\" \/><\/a>\n<h3 class=\"pt-cv-title\"><a href=\"https:\/\/www.segurossura.com.do\/historias\/index.php\/servicio-personalizado-clave-del-exito\/\" class=\"_self\" target=\"_self\" >Servicio personalizado, clave del \u00e9xito<\/a><\/h3>\n<div class=\"pt-cv-content\">\u201cServicio personalizado\u201d es el secreto a voces que\u00a0Raquel Ram\u00edrez\u00a0comparte al hablar de las razones ...<br \/><div class=\"pt-cv-rmwrap\"><a href=\"https:\/\/www.segurossura.com.do\/historias\/index.php\/servicio-personalizado-clave-del-exito\/\" class=\"_self pt-cv-readmore btn btn-success\" target=\"_self\">Leer M\u00e1s<\/a><\/div><\/div><\/div><\/div>\n<div class=\"col-md-6 col-sm-6 col-xs-12 pt-cv-content-item pt-cv-1-col\" ><div class='pt-cv-ifield'><a href=\"https:\/\/www.segurossura.com.do\/historias\/index.php\/ampliemos-la-mirada-para-ser-sostenibles\/\" class=\"_self pt-cv-href-thumbnail pt-cv-thumb-default\" target=\"_self\" ><img loading=\"lazy\" decoding=\"async\" width=\"585\" height=\"390\" src=\"https:\/\/www.segurossura.com.do\/historias\/wp-content\/uploads\/2024\/02\/ampliemos-la-mirada.jpg\" class=\"pt-cv-thumbnail\" alt=\"ampliemos la mirada\" srcset=\"https:\/\/www.segurossura.com.do\/historias\/wp-content\/uploads\/2024\/02\/ampliemos-la-mirada.jpg 585w, https:\/\/www.segurossura.com.do\/historias\/wp-content\/uploads\/2024\/02\/ampliemos-la-mirada-300x200.jpg 300w\" sizes=\"(max-width: 585px) 100vw, 585px\" \/><\/a>\n<h3 class=\"pt-cv-title\"><a href=\"https:\/\/www.segurossura.com.do\/historias\/index.php\/ampliemos-la-mirada-para-ser-sostenibles\/\" class=\"_self\" target=\"_self\" >Ampliemos la mirada para ser sostenibles<\/a><\/h3>\n<div class=\"pt-cv-content\">En las empresas ya no cuentan solo los resultados financieros. Para sobrevivir en este ...<br \/><div class=\"pt-cv-rmwrap\"><a href=\"https:\/\/www.segurossura.com.do\/historias\/index.php\/ampliemos-la-mirada-para-ser-sostenibles\/\" class=\"_self pt-cv-readmore btn btn-success\" target=\"_self\">Leer M\u00e1s<\/a><\/div><\/div><\/div><\/div><\/div><\/div>\n<div class=\" pt-cv-pagination-wrapper\"><ul class=\"pt-cv-pagination pt-cv-ajax pagination\" data-totalpages=\"2\" data-currentpage=\"1\" data-sid=\"ba79824tcx\" data-unid=\"\" data-isblock=\"\" data-postid=\"\"><li class=\"active\"><a href=\"#\">1<\/a><\/li>\n\t<li ><a class=\"\" href=\"https:\/\/www.segurossura.com.do\/historias\/index.php\/wp-json\/wp\/v2\/pages\/674\/?_page=2\">2<\/a><\/li>\n\t<li ><a class=\" \" href=\"https:\/\/www.segurossura.com.do\/historias\/index.php\/wp-json\/wp\/v2\/pages\/674\/?_page=2\">&rsaquo;<\/a><\/li>\n\t<\/ul><img loading=\"lazy\" decoding=\"async\" width=\"15\" height=\"15\" class=\"pt-cv-spinner\" alt=\"Cargando...\" src=\"data:image\/gif;base64,R0lGODlhDwAPALMPAMrKygwMDJOTkz09PZWVla+vr3p6euTk5M7OzuXl5TMzMwAAAJmZmWZmZszMzP\/\/\/yH\/C05FVFNDQVBFMi4wAwEAAAAh+QQFCgAPACwAAAAADwAPAAAEQvDJaZaZOIcV8iQK8VRX4iTYoAwZ4iCYoAjZ4RxejhVNoT+mRGP4cyF4Pp0N98sBGIBMEMOotl6YZ3S61Bmbkm4mAgAh+QQFCgAPACwAAAAADQANAAAENPDJSRSZeA418itN8QiK8BiLITVsFiyBBIoYqnoewAD4xPw9iY4XLGYSjkQR4UAUD45DLwIAIfkEBQoADwAsAAAAAA8ACQAABC\/wyVlamTi3nSdgwFNdhEJgTJoNyoB9ISYoQmdjiZPcj7EYCAeCF1gEDo4Dz2eIAAAh+QQFCgAPACwCAAAADQANAAAEM\/DJBxiYeLKdX3IJZT1FU0iIg2RNKx3OkZVnZ98ToRD4MyiDnkAh6BkNC0MvsAj0kMpHBAAh+QQFCgAPACwGAAAACQAPAAAEMDC59KpFDll73HkAA2wVY5KgiK5b0RRoI6MuzG6EQqCDMlSGheEhUAgqgUUAFRySIgAh+QQFCgAPACwCAAIADQANAAAEM\/DJKZNLND\/kkKaHc3xk+QAMYDKsiaqmZCxGVjSFFCxB1vwy2oOgIDxuucxAMTAJFAJNBAAh+QQFCgAPACwAAAYADwAJAAAEMNAs86q1yaWwwv2Ig0jUZx3OYa4XoRAfwADXoAwfo1+CIjyFRuEho60aSNYlOPxEAAAh+QQFCgAPACwAAAIADQANAAAENPA9s4y8+IUVcqaWJ4qEQozSoAzoIyhCK2NFU2SJk0hNnyEOhKR2AzAAj4Pj4GE4W0bkJQIAOw==\" \/><div class=\"clear pt-cv-clear-pagination\"><\/div><\/div><\/div>\n","protected":false},"excerpt":{"rendered":"","protected":false},"author":1,"featured_media":0,"parent":0,"menu_order":0,"comment_status":"closed","ping_status":"closed","template":"","meta":{"footnotes":""},"_links":{"self":[{"href":"https:\/\/www.segurossura.com.do\/historias\/index.php\/wp-json\/wp\/v2\/pages\/674"}],"collection":[{"href":"https:\/\/www.segurossura.com.do\/historias\/index.php\/wp-json\/wp\/v2\/pages"}],"about":[{"href":"https:\/\/www.segurossura.com.do\/historias\/index.php\/wp-json\/wp\/v2\/types\/page"}],"author":[{"embeddable":true,"href":"https:\/\/www.segurossura.com.do\/historias\/index.php\/wp-json\/wp\/v2\/users\/1"}],"replies":[{"embeddable":true,"href":"https:\/\/www.segurossura.com.do\/historias\/index.php\/wp-json\/wp\/v2\/comments?post=674"}],"version-history":[{"count":2,"href":"https:\/\/www.segurossura.com.do\/historias\/index.php\/wp-json\/wp\/v2\/pages\/674\/revisions"}],"predecessor-version":[{"id":688,"href":"https:\/\/www.segurossura.com.do\/historias\/index.php\/wp-json\/wp\/v2\/pages\/674\/revisions\/688"}],"wp:attachment":[{"href":"https:\/\/www.segurossura.com.do\/historias\/index.php\/wp-json\/wp\/v2\/media?parent=674"}],"curies":[{"name":"wp","href":"https:\/\/api.w.org\/{rel}","templated":true}]}}